 - 20 = 0. Suppose 3*c = 4*o - 243, -12 - j = -5*o + 2*c. What is the remainder when 115 is divided by o?
55
Suppose 384*t - 88 = 382*t. Calculate the remainder when 111 is divided by t.
23
Let m(r) = -3*r**3 - 2*r**2 + r - 2. Let b be m(-2). Let y(a) = 2 + b*a**2 + 3 - 3*a + 7*a. Calculate the remainder when y(-2) is divided by 16.
13
Let o(h) = h**3 - 5*h**2 - 2*h + 2. Suppose -4*t - 3*t - 4*z = -12*t + 1925, -5*z = -25. What is the remainder when t is divided by o(6)?
25
Suppose 12*g - 1611 - 273 = 0. What is the remainder when g is divided by 79?
78
Let v = -31 + 3. Let n = 30 + v. Suppose 0*m + n*b - 220 = -3*m, -3*m + 3*b = -225. Calculate the remainder when m is divided by 20.
14
Suppose 100 = 5*s + 5*d, 0*s + 56 = 3*s + 4*d. Let p(u) = -u - 53. Let x be p(40). Let t = -23 - x. What is the remainder when t is divided by s?
22
Let c(w) = 2*w**3 + w**2 - 2. Suppose 0*x + 60 = 6*x. Suppose 0 = -x*t + 8*t + 4. Calculate the remainder when c(t) is divided by 8.
2
Let u = 5 + 4. Let p = -544 + 757. Calculate the remainder when p is divided by u.
6
What is the remainder when -7*(-18)/42 + 8332 - -5 is divided by 309?
306
Calculate the remainder when 257 is divided by (7/3)/(2149/37761).
11
Let p(w) = 303 + 304 - 604 + 17*w**2. What is the remainder when p(3) is divided by 20?
16
Let h = -107 - -174. Suppose -2*z + 16 = -4*i, -44 = 2*z - 6*z + 4*i. What is the remainder when z is divided by ((-2)/(-3) - 1)/(h/(-1608))?
6
Let m(b) = 4*b**3 - 139*b**2 - 24*b + 60. What is the remainder when m(35) is divided by 118?
91
Let g(n) = -10*n - 8. Let l(f) = -f**3 + 39*f**2 + f - 24. Let t be l(39). Suppose -t*c = 6 - 216. Calculate the remainder when g(-6) is divided by c.
10
Let m = -142 - -128. Let j(p) = p**3 + 13*p**2 - 17*p - 8. Calculate the remainder when j(m) is divided by 17.
0
Suppose -r - 4*s = -23 - 32, -4*r - s + 115 = 0. Let p(l) = -l**2 + 5*l + 7. What is the remainder when r is divided by p(5)?
6
Suppose 69 = 8*n - 299. Let c be 8 + -1 + 4 + 0. Calculate the remainder when n is divided by (c - (2 + -5)) + -2.
10
Let p = -132 - -142. Suppose 0 = q - 23 + p. What is the remainder when 25 is divided by q?
12
Suppose 0 = -3*l - 0*l - 12, 0 = 2*v - 4*l - 22. Suppose k = -0*k + v. Suppose 0 = -k*u - 4*u + 196. Calculate the remainder when 82 is divided by u.
26
Let u be (24/(-10))/(-2 - (-268)/135). Let k = u + -150. Calculate the remainder when 41 is divided by k.
5
Let z(o) be the first derivative of o**3/3 - 2*o**2 - 17*o + 43. Let t = 20 + -14. Calculate the remainder when z(9) is divided by t.
4
Suppose 304 + 156 = 5*w. Suppose 0 = -8*n + w + 52. Let b = -10 + n. What is the remainder when 22 is divided by b?
6
Suppose -2*t + 754 = 1639 - 1427. What is the remainder when 502 is divided by t?
231
Let h(o) = -o**3 + 12*o**2 + 15*o - 19. Let z be h(13). Calculate the remainder when 3*4/(-12)*-59 is divided by (-24)/5*z/((-112)/40).
11
Suppose -3*x - 2*x + 310 = 0. Calculate the remainder when ((-66953)/5964 + (-2)/(-24))*(-392)/24 is divided by x.
58
Suppose 28*d = 29*d - 12. Suppose 541*q - 540*q = 39. Calculate the remainder when q is divided by d.
3
Let u = -55 - -39. Let c(n) = -4*n - 41. Let t be c(u). Suppose t*v = 18*v + 95. What is the remainder when 56 is divided by v?
18
Suppose 3*y = -2*l + 4*y + 1362, 1370 = 2*l + 3*y. Let q = 706 - l. What is the remainder when q is divided by 9?
6
Let k(i) = 21*i**2 - 659*i - 214. Let n(j) = 5*j**2 - 165*j - 53. Let h(t) = -2*k(t) + 9*n(t). Calculate the remainder when 10 is divided by h(56).
3
Let w = -127 + 129. Suppose -115 = 10*u - 15*u + w*c, 4*u + 3*c = 69. What is the remainder when u is divided by 8?
5
Suppose -t + 3*t - 88 = 0. Let i(p) be the second derivative of -p**3 - 42*p**2 - 49*p. Calculate the remainder when t is divided by i(-16).
8
What is the remainder when ((-16)/12)/(1*(-1)/495) is divided by 431?
229
Suppose -3*p - 8*p = -44. Suppose 2*r = 0, 0*i - p*i + 5*r = -492. Calculate the remainder when i is divided by 35.
18
Calculate the remainder when (-1)/(-2) + (-34)/(-4) is divided by (2/(-11))/((-8928)/594 - -15).
3
Let r be (-4)/(-2) - (1 - 70). Suppose 0 = 2*l - 7*l - 4*g + r, 2*g = 3*l - 25. Suppose 9*u - l*u + 22 = 0. What is the remainder when u is divided by 5?
1
Let d(o) = 3*o**2 - 67*o + 23. Let t be d(22). What is the remainder when ((-55)/10 - -5)/(t/(-170)) is divided by 15?
10
Let h(i) = -16*i**2 + 4*i + 14. Let c(x) = 32*x**2 - 8*x - 29. Let d(m) = 3*c(m) + 5*h(m). Calculate the remainder when d(4) is divided by 25.
23
Let x(d) = 16*d**2 - 31*d + 59. What is the remainder when 242 is divided by x(2)?
59
Let y(a) = 2*a + 10. Let q be y(0). Suppose 16*p = -q*p + 2626. What is the remainder when p is divided by 28?
17
Let t(y) be the third derivative of y**6/120 + y**5/4 + 5*y**4/12 + 5*y**3/2 - 30*y**2 - 2. What is the remainder when t(-11) is divided by 26?
25
Let a(j) = j**2 - 33*j - 248. Calculate the remainder when 63 is divided by a(40).
31
Let k(d) = d + 72. Let o(z) = 67*z**2 - 3281*z - 61. Calculate the remainder when k(0) is divided by o(49).
35
Let u = 50 + -48. Suppose -7 = z - j, 2*z + 3*j + 28 = -u*z. Let l = z - -29. What is the remainder when l is divided by 8?
6
Let v be ((-2)/5)/((-2)/(-130)). Let c = 23 + v. What is the remainder when 30*(c - 27/(-6)) is divided by 25?
20
Let l(r) = r**3 + 4*r**2 - 3*r - 3. Let k be (-4)/14 - ((-208)/28)/(-2). Let w be l(k). Let t = 37 + w. What is the remainder when t is divided by 6?
4
Let v be 174 - (-11)/((-55)/(-15)). Let r = v - 67. Calculate the remainder when r is divided by 38.
34
Suppose 3*t - 3*x - 1014 = 123, 5*t + 2*x = 1874. Calculate the remainder when t is divided by 6.
4
Let u = 230 - 216. What is the remainder when 4/u - 59928/(-168) is divided by 91?
84
Let r(s) = -242*s + 2773. Calculate the remainder when r(7) is divided by 19.
15
Let z(l) = -l**2 + 14*l - 14. Let w = -33 - -33. Suppose -3*d - 123 + 528 = w. Calculate the remainder when d is divided by z(6).
33
Let u(i) = i**3 + 11*i**2 - 30*i - 41. Let n be (3/6)/(2/(-28)). Let o(f) = f**2 - f + 7. What is the remainder when o(n) is divided by u(-13)?
8
Let k(t) = 3*t**3 + 65*t**2 + 42*t + 33. What is the remainder when 292 is divided by k(-21)?
28
Let l(b) be the third derivative of 0*b + 2/15*b**5 + 13*b**2 + 0 + 2/3*b**3 - 1/120*b**6 + 1/2*b**4. What is the remainder when l(9) is divided by 8?
7
Suppose 0 = 5*x - 6 + 26, -2*x - 1397 = -3*q. Calculate the remainder when q is divided by 159.
145
Suppose -27*u - 5073 = -20220. What is the remainder when 259 is divided by (u/(-12))/(-17)*8?
17
Let x be (-4 - (4 + 3))*-1. Let z = x + 23. Calculate the remainder when z is divided by 25.
9
Let q(m) = m**3 + 54*m**2 + 48. Calculate the remainder when q(-54) is divided by 25.
23
Let g(u) = -u**3 + 32*u**2 + 32*u + 34. Let t be g(33). Calculate the remainder when t + 327 - (3 - 2 - 1) is divided by 33.
31
Let f = -266 + 45. Let c = -122 - f. What is the remainder when c is divided by 32?
3
Calculate the remainder when 280 is divided by 108/12 + -2*110/(-20).
0
Let d(g) = g**3 + 34*g**2 + 122*g + 69. What is the remainder when -1 - -27 - (6 - 5) is divided by d(-30)?
7
Suppose -4*n - 294 = -3*l, 5*n - l + 86 = -276. Let o = n - -76. Suppose 0 = i + 5, 83 + 4 = o*f + i. What is the remainder when 181 is divided by f?
20
What is the remainder when 278 is divided by (50/(-8))/(85/22984*-13)?
18
Suppose 0 = 4*l + 32, -2*k = 3*l + 99 - 263. Let x(a) = 2*a**2 - 9*a + 6. Calculate the remainder when k is divided by x(6).
22
Suppose k = 0, 3*w + 0*w = 3*k + 3. Suppose 54*j - 3*q - 144 = 57*j, 0 = -3*j - 4*q - 150. Calculate the remainder when 75 is divided by (-4 - w)*j/10.
12
Let s be 0 - 3 - 2635/(-31). Suppose s*m = 89*m - 175. Calculate the remainder when 81 is divided by m.
6
Let t = 8686 - 8675. What is the remainder when 3034 is divided by t?
9
Suppose -7*l - 44 = -11*l. Let q = 25 + 9. Let z = q - 14. Calculate the remainder when z is divided by l.
9
Let f(p) = p**2 - p - 2. Let l(z) = z**3 + 36*z**2 + 62*z - 95. What is the remainder when l(-34) is divided by f(6)?
25
Suppose -5*c = -2*u - 245, 100*u - 103*u - 49 = -c. Let j = -1 - -7. Let d = 16 - j. What is the remainder when c is divided by d?
9
Suppose -78*x + 50*x + 1624 = 0. Calculate t